 i, 0*x - 2*x + 230 = -5*i. Calculate the greatest common factor of x and l.
30
Let s be 1/(((-2)/(-22))/((-318)/(-33))). Calculate the highest common divisor of 8003 and s.
53
Suppose 12364*r = 12317*r + 282. Suppose -3*j = -6 - 24. Suppose r*p - j*p = -24. What is the highest common factor of 30 and p?
6
Let u be -5*(-6)/30 - -1. Suppose 3*s = -u*x + 173, 0 - 35 = -s + 5*x. Calculate the highest common divisor of s and 20.
5
Suppose -5*f - 1730 = -5*z, 30*f - 4 = 32*f. What is the greatest common factor of z and 96?
8
Let j = 35 + -21. Let a be (4/j)/((-1)/(-14)). Suppose -4*z - 4*q = -328, -3*q - 324 = -a*z - 5*q. Calculate the highest common divisor of z and 200.
40
Let s(n) = 23*n - 10. Let f be s(19). Let h = 436 - f. What is the greatest common factor of h and 171?
9
Suppose 10*b + 42 = 17*b. Suppose 5*d - 5*v + b*v = 12, 3*d = -2*v + 10. Let c = -29 + 45. Calculate the highest common divisor of c and d.
2
Let y be 7*1 + 9 + 35 + -24. Let i(w) = 19*w**2 + 5*w. Let f be i(4). Suppose 0*l + 4*l - f = 0. What is the greatest common factor of l and y?
27
Suppose 222 = -28*j + 1395 + 2075. Calculate the highest common factor of j and 203.
29
Let x(v) = -132*v**3 - v**2 - 10*v - 16. Let t be x(-2). Calculate the greatest common factor of 33 and t.
33
Suppose -2*r - 4*l = 4 - 12, -4*r = 4*l - 8. Suppose 4*h + 5*p - 298 = r, h - 58 - 12 = p. What is the highest common divisor of h and 8?
8
Let r(m) = m**2 - 17*m - 87. Let j be r(21). Let b(z) = 12*z**2 - z - 12. Let c be b(j). What is the highest common factor of 11 and c?
11
Let l be -142*(-504)/(-20)*65/(-39). What is the highest common divisor of l and 49?
7
Suppose 11*h - 12 = 5*h. Suppose 4*q - 34 = 3*b - 0*b, -2*b + 2*q - 26 = 0. Let u be 18*(h/b)/(6/(-18)). What is the greatest common factor of u and 48?
6
Suppose 0 = 3*m - 2*a + 308, -4*m - m - 480 = 5*a. Let p = m - -91. Let t = -5 - p. What is the highest common divisor of 16 and t?
4
Let j(m) = 2*m - 1. Let c be j(3). Suppose -3*w = -c*d - 3 - 1, -3 = -3*d. Suppose -2243 = 10*t - 2263. What is the greatest common factor of w and t?
1
Let g be (18/10)/((-35)/175) - -17 - -74843. Calculate the greatest common factor of g and 259.
259
Let l be 2 - (-16)/12*15. Suppose 9*f - 666 = -567. What is the greatest common divisor of f and l?
11
Suppose 0*g + 5*g + 3*x - 388 = 0, 0 = g + 3*x - 68. Calculate the greatest common divisor of 3408 and g.
16
Let t = -439 + 628. Let f be (t - 1)*(-10)/(-8). Let p be (8/24)/((-167)/(-23547)). Calculate the greatest common divisor of f and p.
47
Let w = -22 - -19. Let o be w/6 - (-10)/4. Suppose 22 = 5*y + i, 0 = -o*y - 0*i - 2*i + 4. What is the greatest common factor of y and 45?
5
Suppose 21*p = 26*p - 6510. Suppose -3*h + 883 = 2*o, p = 3*o + 4*h - 7*h. What is the greatest common factor of o and 46?
23
Let s(u) = -3*u**2 - 100*u - 5. Let n be s(-26). What is the greatest common divisor of n and 42?
21
Let u be (-182 - 8)/(-10) - 10 - -805. Calculate the greatest common factor of u and 148.
74
Let l = 12475 - 8096. What is the highest common factor of l and 29?
29
Let y = -6797 - -7133. Calculate the highest common divisor of 816 and y.
48
Let j = 529 + -482. Suppose v = 5*q - 127, -2*v + 1 = -2*q + j. Calculate the greatest common factor of q and 143.
13
Suppose 120*g - 121*g + 4*h = -144, 2*g - h = 281. Calculate the highest common factor of g and 5362.
14
Suppose -106*k + 95475 + 1218909 = 295194. What is the greatest common divisor of k and 5?
5
Suppose 12*p = 10*p - 1048. Let o = p + 530. Let w(x) = 10*x**2 + x. Let i be w(-1). What is the highest common factor of o and i?
3
Let v(i) = 2*i**3 + 27*i**2 + 4*i + 65. Let b be v(-13). Let y(x) = -31*x + 29. Let j be y(-2). What is the greatest common divisor of b and j?
91
Suppose -5*q + a + 338 = -0*a, 0 = 5*q - 4*a - 332. Let s = 5264 - 3700. What is the highest common divisor of s and q?
68
Let o(h) = -480*h + 208. Let v be o(-1). Calculate the highest common divisor of 215 and v.
43
Suppose -3 = -f, -916*f + 917*f = -5*t + 6483. Calculate the highest common divisor of t and 504.
72
Suppose 84*j - 108*j + 10752 = 0. Calculate the greatest common divisor of j and 56.
56
Let z be (-6 + (-72)/(-20))/(18/(-240)). Calculate the greatest common divisor of 1712 and z.
16
Let g be 6/(2/1) - -1. Suppose -5*s + 50 = -65. Suppose -33 - s = -g*f. Calculate the greatest common factor of f and 70.
14
Suppose 4*s = 2*c + 31 - 9, 4*c + 9 = s. Suppose 27 = -s*r + 4*r. Let t = 43 + r. Calculate the highest common factor of 16 and t.
16
Let r be (18/54)/((-2)/(-174)). Suppose 2*w = -w + 12, -3*z + 5*w = -55. Let k = 4 + z. Calculate the highest common factor of k and r.
29
Suppose -118*f - 189635 = -215*f. What is the greatest common factor of 170 and f?
85
Let r(n) = -393*n + 2363. Let l be r(6). What is the highest common factor of l and 24?
1
Let q = 0 - -14. Suppose -2*t + g + 1730 = 2*t, -14*t = -5*g - 6046. Calculate the highest common factor of q and t.
14
Let g = -525 - -750. Let v(w) = w**3 - 45*w**2 - 92*w - 69. Let k be v(47). What is the highest common factor of k and g?
25
Suppose -3*r = 6*c - 7*c + 4, 10 = -3*c - 2*r. Let b be c*(0 + 5/10) - -61. Calculate the highest common factor of 90 and b.
30
Suppose m = 0, 3*m + 2513 = 11*v - 1007. Calculate the highest common divisor of v and 120.
40
Let x = 322 - 186. Let t = x - 124. What is the greatest common divisor of 288 and t?
12
Let d(b) be the first derivative of 11*b**4/2 + 4*b**3/3 - 3*b**2 + 6*b + 62. Let g be d(2). Calculate the highest common factor of 6 and g.
6
Let r be (-4)/10 + (-484)/(-110). Let i be 0 + r/4 + 0 + -1. Suppose i = -2*y - 4 + 10, 3*t = 2*y + 108. What is the greatest common factor of t and 57?
19
Let z be 904/72 + 20/45. Suppose 6*j + 434 = z*j. Calculate the greatest common factor of 279 and j.
31
Let x(q) = -q**2 - 32*q + 131. Let d be x(-33). Calculate the highest common divisor of d and 1421.
49
Suppose 56*h - 74*h + 1656 = 0. Suppose p - 2 = 0, -8*p + 5*p + h = f. Calculate the highest common divisor of f and 129.
43
Let l be 1/3 - 52/(-6). Suppose 0 = -5*v - 2*s - 64, -5*v + 6*v = 5*s - 2. Let x be (-1)/v - 2155/(-60). What is the greatest common factor of l and x?
9
Suppose -117 = 5*u - 18*u. Let d = -2 - -10. Let c = d - -73. What is the highest common factor of u and c?
9
Suppose r = 4*b + 7, 2*r + b + b = 4. Let m be (r/(-9)*0)/1. Suppose m = 5*u - v - 135, 6*v - 5*v = -4*u + 108. What is the greatest common factor of 135 and u?
27
Let u(d) be the third derivative of -2*d**6/5 - d**3/6 + 20*d**2. Let w be u(-1). Let q = w + 22. Calculate the greatest common divisor of q and 23.
23
Let g be (-3 - -2)/10 - (13725467/70)/(-31). What is the highest common divisor of 55 and g?
55
Let l(o) = -o**3 - 8*o**2 + o + 11. Let n be l(-8). Suppose 0 = -z + 2, -139 = -2*h + n*z + 11. Calculate the highest common divisor of 117 and h.
39
Let y = 178 - 269. Let h = -86 - y. Suppose 3*v + 0*v + h*i - 370 = 0, -215 = -2*v + 3*i. Calculate the highest common divisor of v and 46.
23
Let j(p) be the second derivative of p**3 - 15*p**2/2 - 30*p - 1. Let c be j(5). What is the greatest common factor of 195 and c?
15
Let f(b) = -942*b + 7845. Let i be f(8). What is the greatest common factor of 2987 and i?
103
Suppose 0 = -6*w + 11*w + 4*q + 31, -3*w + 11 = -5*q. Let o be -3 - (21/w + -2). Calculate the highest common divisor of 114 and o.
6
Suppose -4700 = -13*v + 18180. Suppose -v = -10*k + 280. Calculate the greatest common factor of 51 and k.
51
Let i(y) = -y**3 + 12*y**2 + 15*y - 22. Let d be i(13). Suppose -62 - 22 = -d*p. Calculate the highest common divisor of 6 and p.
3
Let w(i) = -2*i**3 + 5*i + 3*i**3 + 0 + 3 - 4*i**2 - 5. Let n be w(3). Suppose -65 = -n*y + 3*y. What is the greatest common factor of y and 26?
13
Let g = 11569 - 11543. Calculate the greatest common factor of g and 3211.
13
Let x(y) = -y**3 - 10*y**2 + 13*y - 37. Let i be x(-12). What is the greatest common factor of i and 76?
19
Let m = -3 + 58. Suppose -4 = -4*d - 4*h, -3*d - 426*h = -421*h + 5. Calculate the greatest common factor of d and m.
5
Suppose 3*p = 2*p + 258. Let b = -162 - -34. Let o = b + p. Calculate the greatest common divisor of 26 and o.
26
Let l be (-416)/(-2)*(22 + -18). What is the highest